*j + 16, -2 = 3*m + j - 4. What is the remainder when 3 is divided by m?
1
Suppose -4*y = 20, 3*x + y - 31 = -0*x. Suppose t - 5 = -4*t. What is the remainder when (2/(-5))/(t/(-55)) is divided by x?
10
What is the remainder when -2 + 4 - (1 + -42) is divided by 15?
13
Let w(y) = -y**2 + 1. Let u(a) = -4*a**2 - 4*a - 2. Let s(k) = -u(k) + 2*w(k). Let n be s(-3). What is the remainder when 232/n + 3/(-15) is divided by 12?
11
Let a be (-2 - -1)/(13/(-767)). Suppose 17 = -2*h + a. Calculate the remainder when h is divided by 12.
9
Let o = 20 - 10. Let m = -101 - -118. What is the remainder when m is divided by o?
7
Let f = 58 - 56. What is the remainder when 16 is divided by f?
0
Suppose 4*d + 7*k = 2*k + 76, 0 = d + 2*k - 22. Let i = -2 + 4. Calculate the remainder when 54*(i/4 + 0) is divided by d.
13
Suppose -2*h = -9*h + 42. Calculate the remainder when 23 is divided by h.
5
Let p(h) = h**2 + 5*h + 5. Calculate the remainder when 37 is divided by p(-6).
4
Suppose 2*y + 0*y = 52. What is the remainder when y is divided by (-420)/(-49) - (-3)/(-21)*-3?
8
Suppose -5*x + 8 = -x. Suppose -x*k - 2*k + 32 = 0. What is the remainder when 31 is divided by k?
7
Suppose -4*d = 3*m - 0*m - 37, 5*m = 5*d + 85. Calculate the remainder when 58 is divided by m.
13
Suppose -37 = p + 2*l, -p - 31 = -0*l - l. Let c = 47 + p. Suppose 4*w - 5*s - 104 = 0, -5*w + 3*s = -s - 130. What is the remainder when w is divided by c?
12
Let p = 106 + -104. Calculate the remainder when 4 is divided by p.
0
Let j be ((-18)/8)/(18/(-48)). Suppose -o = -j*o + 155. Calculate the remainder when o is divided by 8.
7
Let d(h) = 5*h + 4. Let i(f) = -5*f - 3. Let s(r) = -3*d(r) - 4*i(r). Suppose -3*q = 0, 5*x - q + 4*q = 140. Calculate the remainder when x is divided by s(2).
8
Suppose 22 = 3*t + p + 9, 16 = 3*t + 4*p. Suppose o = t*o - 9. Suppose 3*f = o + 39. What is the remainder when f is divided by 8?
6
Suppose -5 = 2*w + 2*j - 21, 4*j - 37 = -5*w. Let c = -4 - -7. What is the remainder when w is divided by c?
2
Let f be 0 - (-3 + (2 - 1)). Let x = 10 - f. Let j = 6 + -3. Calculate the remainder when x is divided by j.
2
Let k(o) = -2*o**3 - o**2 + 2*o. Let f be k(-3). Let r = f - 18. What is the remainder when r is divided by 6?
3
Let k be ((-8)/(-6))/(2/3). Let n be k - (-1 + -25 + -2). Calculate the remainder when 15 is divided by (n/25)/((-3)/(-20)).
7
Let g(c) = -2*c + 41. What is the remainder when g(0) is divided by 21?
20
Suppose 36 + 4 = 2*y. Suppose y = w + 4*w. Suppose 10 = w*d + d. What is the remainder when 2 is divided by d?
0
Suppose -13*d + 4*d + 90 = 0. Calculate the remainder when d is divided by 8.
2
Suppose -2*d + 95 = -71. Suppose 67 = 5*x - d. Calculate the remainder when x is divided by 8.
6
Let h = 18 + -6. Suppose -a - 2 + 4 = 0. Let v(t) = 19*t - 3. What is the remainder when v(a) is divided by h?
11
Suppose -i - 3*b = -4*i + 72, -i - 4*b + 24 = 0. What is the remainder when i is divided by 13?
11
Suppose 3*i - 7 = -1, 5*q = 5*i + 20. What is the remainder when q is divided by 4?
2
Suppose -11*s + 14*s - 87 = 0. Let k(f) = 2*f**3 - 2*f**2. Calculate the remainder when s is divided by k(2).
5
Let c = 10 - -2. Suppose c = 6*y - 4*y. Suppose 0*r + r = -5, 2*r = s - 21. Calculate the remainder when s is divided by y.
5
Let x = -51 - -24. Let n = 51 + x. Calculate the remainder when n is divided by 9.
6
Let s be 3*(2 - 1) + 56. Let c = -39 + s. Suppose 3*i + i - c = 0. What is the remainder when 8 is divided by i?
3
Let o = -45 + 70. Calculate the remainder when 122 is divided by o.
22
Suppose -c = 3*z - 20, -5*z + 2*z + 16 = 5*c. What is the remainder when 34 is divided by z?
6
Suppose -3*x + 4*x - 112 = -3*b, 0 = 2*b - 5*x - 69. What is the remainder when b is divided by 19?
18
Let o be ((-15)/12)/((-4)/16). Suppose -166 = -3*u - 4*v, -169 = 5*u - 3*v - 407. Suppose -u + 10 = -o*a. What is the remainder when 22 is divided by a?
6
Suppose 0 = 8*g - 3*g + 95. Let x be (-1)/(-2 - 39/g). Calculate the remainder when 55 is divided by -1 + 2 - (1 + x).
17
Let y = 11 + -7. Suppose -y*f - f + 5*t + 155 = 0, -85 = -3*f + 5*t. Calculate the remainder when f is divided by 12.
11
Let a(g) = g**2 + g - 39. Let d be a(0). Let m be 1293/39 - (-6)/d. Suppose -m = -3*h + 9. Calculate the remainder when 53 is divided by h.
11
Let u be (0 - -65) + (-1 - -1). What is the remainder when (-4)/14 + u/7 is divided by 5?
4
Calculate the remainder when 9 is divided by 13 - 11 - (1 + -2).
0
Suppose 0 = -4*s - 4*c + 196, 3*c + 108 = -s + 3*s. Calculate the remainder when s is divided by 13.
12
Suppose 2*j - 74 = -j - 2*v, 5*j - 122 = -3*v. What is the remainder when 129 is divided by j?
19
Suppose 20 = 5*w, -2*w = 4*f - 0*w - 12. Let t be f/2 + (-12)/(-8). Suppose t*l = -u + 6, -5*l + 12 = 3*u - 4. What is the remainder when l is divided by 1?
0
Suppose -n = -4*d - 42, -n + 2*d + 90 = n. Suppose 5*k - n = 14. Calculate the remainder when 33 is divided by k.
9
Let r be 1/(0 - -1) - 1. What is the remainder when (-31)/(r - (3 - 2)) is divided by 17?
14
Let r(j) = -j**3 + 9*j**2 - 8*j + 9. Calculate the remainder when 116 is divided by r(8).
8
Let h = 8 + 14. Suppose 5*d = 3*d + h. What is the remainder when 19 is divided by d?
8
Let n(r) = r**2 + 6*r + 6. Suppose -3*g - 28 = g. Calculate the remainder when 51 - (12/(-6) - -3) is divided by n(g).
11
Let z(y) be the first derivative of 3*y**2/2 - 4*y + 1. Let b = 47 - 33. What is the remainder when b is divided by z(3)?
4
Let i = 6 + 5. What is the remainder when 32 is divided by i?
10
Let r = 2 + -2. Suppose 5*y - 4*y - 27 = r. What is the remainder when y is divided by 56/12*6/2?
13
Calculate the remainder when (-3)/(-6)*0 - -19 is divided by 3/(-5) + (-56)/(-10).
4
Let z = 17 - 9. Let p(i) = -i**3 + 4*i**2 + 4*i + 1. What is the remainder when p(3) is divided by z?
6
Let a = 8 + -8. Suppose 2*b - 5*j + 3 = 0, 4*b - 3*j + 0*j - 29 = a. Calculate the remainder when b is divided by 6.
5
Let d be (0 - -1 - -1) + -8. Suppose 2*z + z - 54 = 0. Calculate the remainder when d/z + (-80)/(-6) is divided by 5.
3
What is the remainder when 134 is divided by (-29)/(-1) + (-10 - -8)?
26
Suppose 5*v = 3*l - 93 - 2, 2*l + 5*v - 80 = 0. What is the remainder when l is divided by 1 - -1 - 100/(-10)?
11
Suppose 0*w = 2*w - 2*b - 86, 0 = -4*w - 4*b + 132. Suppose -w = -2*q - 4*f, -3*q + q = 3*f - 41. Let d = 36 - q. What is the remainder when 32 is divided by d?
10
Let c(t) = t**3 - 9*t**2 - 10*t + 4. Let g be c(10). Suppose -5*o + g = -311. Let a = 6 - -10. What is the remainder when o is divided by a?
15
Let a be 24/14 - 20/(-70). Suppose x = 2 + a. Calculate the remainder when 10 is divided by x.
2
Let c(n) = 3*n**2 - 3*n - 3. Calculate the remainder when c(3) is divided by 0 + 2*(2 - -2).
7
Let t(n) = -n**2 - 19*n - 37. Let d(h) = -h**2 + 6*h + 4. Calculate the remainder when t(-16) is divided by d(6).
3
Let p = -1 - -3. Suppose -2*o = -3*w - 5*o, 0 = 2*w - 4*o - 18. Suppose 4 = -4*d - w*a + 2, -a = 5*d - 3. Calculate the remainder when p is divided by d.
0
Let u be 4/(-16) + (-170)/(-8). Let n = -11 + u. Let p = -42 - -71. What is the remainder when p is divided by n?
9
Let w be 6/8*-12*1. Let b = -5 - w. What is the remainder when 10 is divided by 6/b - (-9)/2?
4
Let l = 29 - 13. Let x(w) = -26*w + 4. Let s(c) = 5*c - 1. Let y(d) = 14*s(d) + 3*x(d). Calculate the remainder when y(-4) is divided by l.
14
What is the remainder when 22 is divided by (2/5)/((-11)/(-330))?
10
Let l(v) = -v**3 + 4*v**2 - 2*v + 3. Let h = -6 - -12. Calculate the remainder when (26/4)/(3/h) is divided by l(2).
6
Let j(h) = h**3 + 7*h**2 - 7. Let q be j(-6). Let m = 44 - q. Calculate the remainder when m is divided by 4.
3
Let j(b) = -b**2 + 7*b + 2. Let i be j(7). Suppose 3*a + i*a = 90. Suppose 0*s = 10*s - 690. What is the remainder when s is divided by a?
15
Suppose -i = 4*v + 4 + 23, 3*i - 3*v + 6 = 0. Let u(h) = -h**2 - 7*h + 2. Let t(o) = -o**2 + 6*o - 1. What is the remainder when t(5) is divided by u(i)?
0
Let l be 11 + (2 - (2 + 2)). Let c = l + 8. Calculate the remainder when c is divided by (-2 + -1 + 0)*-3.
8
Suppose -3*h - g - 30 = h, -g = -3*h - 19. What is the remainder when (34/8)/(h/(-28)) is divided by 10?
7
Suppose 37 = 3*y + 5*b, 3*y - 5*b - 2 = -